{"id":34,"date":"2012-08-29T20:42:02","date_gmt":"2012-08-29T17:42:02","guid":{"rendered":"http:\/\/kestilankisaveikot.net\/wordpress\/?page_id=34"},"modified":"2025-03-26T16:55:50","modified_gmt":"2025-03-26T14:55:50","slug":"johtokunta","status":"publish","type":"page","link":"http:\/\/kestilankisaveikot.net\/wordpress\/johtokunta\/","title":{"rendered":"Yhteystiedot"},"content":{"rendered":"<p>Kestil\u00e4n Kisa-Veikot ry<br \/>\nSeurantie 3<br \/>\n92700 Kestil\u00e4<\/p>\n<p><span style=\"color: #993300;\"><strong>KKV:n johtokunta 2024<\/strong><\/span><\/p>\n<table border=\"0\" width=\"500\" cellspacing=\"0\" cellpadding=\"0\">\n<tbody>\n<tr valign=\"top\">\n<td valign=\"top\"><strong>Puheenjohtaja<\/strong><\/td>\n<td valign=\"top\">Mika Leivisk\u00e4<br \/>\n0503614425<\/td>\n<td valign=\"top\">yllapito@kestilankisaveikot.net<br \/>\nnettivastaava<\/td>\n<\/tr>\n<tr>\n<td valign=\"top\"><strong>Varapuheenjohtaja<br \/>\n<\/strong><\/td>\n<td valign=\"top\">Jukka Still<br \/>\n0500685953<\/td>\n<td valign=\"top\">&nbsp;<\/td>\n<\/tr>\n<tr>\n<td valign=\"top\"><strong>Sihteeri<\/strong><\/td>\n<td valign=\"top\">Tuula Suorsa<br \/>\n0407356507<\/td>\n<td valign=\"top\"><a title=\"Bingo\" href=\"http:\/\/kestilankisaveikot.net\/wordpress\/?page_id=150\">bingovastaava<\/a><\/td>\n<\/tr>\n<tr>\n<td valign=\"top\"><strong>J\u00e4sen<br \/>\n<\/strong><\/td>\n<td valign=\"top\">Erkki Tiikkaja<br \/>\n0405204270<\/td>\n<td valign=\"top\">tiikkajaerkki29@gmail.com<\/td>\n<\/tr>\n<tr>\n<td valign=\"top\"><strong>J\u00e4sen<\/strong><\/td>\n<td valign=\"top\">Elina Alasalmi<\/td>\n<td valign=\"top\">&nbsp;<\/td>\n<\/tr>\n<tr>\n<td valign=\"top\"><strong>J\u00e4sen<\/strong><\/td>\n<td valign=\"top\">Pentti Rantonen<br \/>\n0400870071<\/td>\n<td valign=\"top\">&nbsp;<\/td>\n<\/tr>\n<tr>\n<td valign=\"top\"><strong>J\u00e4sen<\/strong><\/td>\n<td valign=\"top\">Maritta Tuomaala<\/td>\n<td valign=\"top\">&nbsp;<\/td>\n<\/tr>\n<tr>\n<td valign=\"top\"><strong>J\u00e4sen<\/strong><\/td>\n<td valign=\"top\">Maarit Ker\u00e4nen<\/td>\n<td valign=\"top\">&nbsp;<\/td>\n<\/tr>\n<tr>\n<td valign=\"top\"><strong>J\u00e4sen<\/strong><\/td>\n<td valign=\"top\">Jorma Hepo-oja<\/td>\n<td valign=\"top\">&nbsp;<\/td>\n<\/tr>\n<tr>\n<td valign=\"top\"><strong>J\u00e4sen<\/strong><\/td>\n<td valign=\"top\">Erkki Helander<br \/>\n0400100673<\/td>\n<td valign=\"top\">erkki.helander46@gmail.com<\/td>\n<\/tr>\n<tr>\n<td valign=\"top\"><strong>J\u00e4sen<\/strong><\/td>\n<td valign=\"top\">Jouko Niiranen<\/td>\n<td valign=\"top\">&nbsp;<\/td>\n<\/tr>\n<tr>\n<td valign=\"top\"><strong><br \/>\n<\/strong><strong><br \/>\n<\/strong><\/td>\n<td valign=\"top\">&nbsp;<\/td>\n<td valign=\"top\">&nbsp;<\/td>\n<\/tr>\n<\/tbody>\n<\/table>\n<p><span style=\"color: #993300;\"><strong>Toimikunnat<\/strong><\/span><\/p>\n<table border=\"0\" width=\"500\" cellspacing=\"0\" cellpadding=\"0\">\n<tbody>\n<tr valign=\"top\">\n<td valign=\"top\"><strong>Bingotoimikunta<br \/>\n<\/strong>Erkki Tiikkaja<br \/>\nPirkko Rantonen<br \/>\nJorma Hepo-oja<br \/>\nMartti Suorsa<\/td>\n<td valign=\"top\"><strong>Ravintolatoimikunta<\/strong><strong><br \/>\n<\/strong>Ulla-Maija Hepo-oja<br \/>\nMaritta Tuomaala<br \/>\nMaarit Ker\u00e4nen<br \/>\nPirkko Rantonen<br \/>\nKukka-Maaria Leinonen<\/td>\n<\/tr>\n<\/tbody>\n<\/table>\n","protected":false},"excerpt":{"rendered":"<p>Kestil\u00e4n Kisa-Veikot ry Seurantie 3 92700 Kestil\u00e4 KKV:n johtokunta 2024 Puheenjohtaja Mika Leivisk\u00e4 0503614425 yllapito@kestilankisaveikot.net nettivastaava Varapuheenjohtaja Jukka Still 0500685953 &nbsp; Sihteeri Tuula Suorsa 0407356507 bingovastaava J\u00e4sen Erkki Tiikkaja 0405204270 tiikkajaerkki29@gmail.com J\u00e4sen Elina Alasalmi &nbsp; J\u00e4sen Pentti Rantonen 0400870071 &nbsp; J\u00e4sen Maritta Tuomaala &nbsp; J\u00e4sen Maarit Ker\u00e4nen &nbsp; J\u00e4sen Jorma Hepo-oja &nbsp; J\u00e4sen Erkki Helander [&hellip;]<\/p>\n","protected":false},"author":101011,"featured_media":0,"parent":0,"menu_order":0,"comment_status":"closed","ping_status":"open","template":"","meta":{"ngg_post_thumbnail":0,"footnotes":""},"class_list":["post-34","page","type-page","status-publish","hentry"],"_links":{"self":[{"href":"http:\/\/kestilankisaveikot.net\/wordpress\/wp-json\/wp\/v2\/pages\/34","targetHints":{"allow":["GET"]}}],"collection":[{"href":"http:\/\/kestilankisaveikot.net\/wordpress\/wp-json\/wp\/v2\/pages"}],"about":[{"href":"http:\/\/kestilankisaveikot.net\/wordpress\/wp-json\/wp\/v2\/types\/page"}],"author":[{"embeddable":true,"href":"http:\/\/kestilankisaveikot.net\/wordpress\/wp-json\/wp\/v2\/users\/101011"}],"replies":[{"embeddable":true,"href":"http:\/\/kestilankisaveikot.net\/wordpress\/wp-json\/wp\/v2\/comments?post=34"}],"version-history":[{"count":49,"href":"http:\/\/kestilankisaveikot.net\/wordpress\/wp-json\/wp\/v2\/pages\/34\/revisions"}],"predecessor-version":[{"id":3810,"href":"http:\/\/kestilankisaveikot.net\/wordpress\/wp-json\/wp\/v2\/pages\/34\/revisions\/3810"}],"wp:attachment":[{"href":"http:\/\/kestilankisaveikot.net\/wordpress\/wp-json\/wp\/v2\/media?parent=34"}],"curies":[{"name":"wp","href":"https:\/\/api.w.org\/{rel}","templated":true}]}}