{"id":32,"date":"2012-08-29T20:38:54","date_gmt":"2012-08-29T17:38:54","guid":{"rendered":"http:\/\/kestilankisaveikot.net\/wordpress\/?page_id=32"},"modified":"2014-03-05T17:32:33","modified_gmt":"2014-03-05T15:32:33","slug":"kisapirtti","status":"publish","type":"page","link":"http:\/\/kestilankisaveikot.net\/wordpress\/kisapirtti\/","title":{"rendered":"Kisapirtti"},"content":{"rendered":"<p><span style=\"color: #993300;\"><strong>Kisapirtti erilaisiin tilaisuuksiin<\/strong><\/span><\/p>\n<p>Kisapirtti on uusittuna ja kunnostettuna mukava, viihtyis\u00e4 ja historiallinen paikka erilaisten tilaisuuksien j\u00e4rjest\u00e4miseen. Kokoukset, koulutustapahtumat, erilaiset yksityisten tai yhteis\u00f6jen juhlat, pikkujoulut, ym.<\/p>\n<p>Vuokrahinnat ovat: koko talo 100 e, ravintolaosa 50 e.<\/p>\n<p>Tarvittaessa yhteys seuran puheenjohtajaan, varapuheenjohtajaan tai sihteeriin. Yhteystiedot l\u00f6ytyv\u00e4t valikosta.<\/p>\n<p>Klikkaa esittelykuvat suuremmiksi tai valitse diaesitys.<\/p>\nngg_shortcode_0_placeholder\n","protected":false},"excerpt":{"rendered":"<p>Kisapirtti erilaisiin tilaisuuksiin Kisapirtti on uusittuna ja kunnostettuna mukava, viihtyis\u00e4 ja historiallinen paikka erilaisten tilaisuuksien j\u00e4rjest\u00e4miseen. Kokoukset, koulutustapahtumat, erilaiset yksityisten tai yhteis\u00f6jen juhlat, pikkujoulut, ym. Vuokrahinnat ovat: koko talo 100 e, ravintolaosa 50 e. Tarvittaessa yhteys seuran puheenjohtajaan, varapuheenjohtajaan tai sihteeriin. Yhteystiedot l\u00f6ytyv\u00e4t valikosta. Klikkaa esittelykuvat suuremmiksi tai valitse diaesitys.<\/p>\n","protected":false},"author":101011,"featured_media":0,"parent":0,"menu_order":0,"comment_status":"open","ping_status":"open","template":"","meta":{"ngg_post_thumbnail":0,"footnotes":""},"class_list":["post-32","page","type-page","status-publish","hentry"],"_links":{"self":[{"href":"http:\/\/kestilankisaveikot.net\/wordpress\/wp-json\/wp\/v2\/pages\/32","targetHints":{"allow":["GET"]}}],"collection":[{"href":"http:\/\/kestilankisaveikot.net\/wordpress\/wp-json\/wp\/v2\/pages"}],"about":[{"href":"http:\/\/kestilankisaveikot.net\/wordpress\/wp-json\/wp\/v2\/types\/page"}],"author":[{"embeddable":true,"href":"http:\/\/kestilankisaveikot.net\/wordpress\/wp-json\/wp\/v2\/users\/101011"}],"replies":[{"embeddable":true,"href":"http:\/\/kestilankisaveikot.net\/wordpress\/wp-json\/wp\/v2\/comments?post=32"}],"version-history":[{"count":13,"href":"http:\/\/kestilankisaveikot.net\/wordpress\/wp-json\/wp\/v2\/pages\/32\/revisions"}],"predecessor-version":[{"id":1114,"href":"http:\/\/kestilankisaveikot.net\/wordpress\/wp-json\/wp\/v2\/pages\/32\/revisions\/1114"}],"wp:attachment":[{"href":"http:\/\/kestilankisaveikot.net\/wordpress\/wp-json\/wp\/v2\/media?parent=32"}],"curies":[{"name":"wp","href":"https:\/\/api.w.org\/{rel}","templated":true}]}}