{"id":150,"date":"2012-09-01T22:13:01","date_gmt":"2012-09-01T19:13:01","guid":{"rendered":"http:\/\/kestilankisaveikot.net\/wordpress\/?page_id=150"},"modified":"2014-11-17T20:57:07","modified_gmt":"2014-11-17T18:57:07","slug":"bingo","status":"publish","type":"page","link":"http:\/\/kestilankisaveikot.net\/wordpress\/bingo\/","title":{"rendered":"Bingo"},"content":{"rendered":"<p>Bingot perjantai-iltaisin klo 18.00.<a href=\"http:\/\/kestilankisaveikot.net\/wordpress\/wp-content\/uploads\/2012\/09\/bingo.gif\"><img loading=\"lazy\" decoding=\"async\" class=\"alignright\" title=\"bingo\" src=\"http:\/\/kestilankisaveikot.net\/wordpress\/wp-content\/uploads\/2012\/09\/bingo.gif\" alt=\"\" width=\"150\" height=\"181\" \/><\/a><\/p>\n<p>Tervetuloa pelaamaan! Pelaamalla tuet<br \/>\nseuratoimintaa ja saat itsellesi<br \/>\nj\u00e4nnitt\u00e4vi\u00e4 peliel\u00e4myksi\u00e4.<\/p>\n<p>Kisapirtin sijainti:<br \/>\n&#8211; <a href=\"http:\/\/kansalaisen.karttapaikka.fi\/linkki?scale=4000&amp;text=Kisapirtti&amp;srs=EPSG%3A3067&amp;y=7136265&amp;x=464927&amp;lang=fi\">Kansalaisen karttapaikka<\/a><br \/>\n&#8211; <a href=\"http:\/\/maps.google.com\/?ie=UTF8&amp;ll=64.349254,26.27773&amp;spn=0,0.033023&amp;z=16&amp;layer=c&amp;cbll=64.350293,26.274381&amp;panoid=RNQNUYuHELFLQALnlt1Prg&amp;cbp=12,316.9,,0,7.81\">Googlen katun\u00e4kym\u00e4ss\u00e4<\/a>.<\/p>\n<p>=&gt; <a title=\"Kestil\u00e4n Kisa-Veikkojen bingo-pelin s\u00e4\u00e4nn\u00f6t ja ohjeet\" href=\"http:\/\/kestilankisaveikot.net\/wordpress\/?page_id=165\">Bingo-pelin s\u00e4\u00e4nn\u00f6t ja ohjeet<\/a><br \/>\n=&gt; <a title=\"Selvitys bingopelill\u00e4 saadun tuoton k\u00e4yt\u00f6st\u00e4\" href=\"http:\/\/kestilankisaveikot.net\/wordpress\/?page_id=172\">Selvitys bingopelill\u00e4 saadun tuoton k\u00e4yt\u00f6st\u00e4<\/a><\/p>\n","protected":false},"excerpt":{"rendered":"<p>Bingot perjantai-iltaisin klo 18.00. Tervetuloa pelaamaan! Pelaamalla tuet seuratoimintaa ja saat itsellesi j\u00e4nnitt\u00e4vi\u00e4 peliel\u00e4myksi\u00e4. Kisapirtin sijainti: &#8211; Kansalaisen karttapaikka &#8211; Googlen katun\u00e4kym\u00e4ss\u00e4. =&gt; Bingo-pelin s\u00e4\u00e4nn\u00f6t ja ohjeet =&gt; Selvitys bingopelill\u00e4 saadun tuoton k\u00e4yt\u00f6st\u00e4<\/p>\n","protected":false},"author":101011,"featured_media":0,"parent":0,"menu_order":0,"comment_status":"closed","ping_status":"open","template":"","meta":{"ngg_post_thumbnail":0,"footnotes":""},"class_list":["post-150","page","type-page","status-publish","hentry"],"_links":{"self":[{"href":"http:\/\/kestilankisaveikot.net\/wordpress\/wp-json\/wp\/v2\/pages\/150","targetHints":{"allow":["GET"]}}],"collection":[{"href":"http:\/\/kestilankisaveikot.net\/wordpress\/wp-json\/wp\/v2\/pages"}],"about":[{"href":"http:\/\/kestilankisaveikot.net\/wordpress\/wp-json\/wp\/v2\/types\/page"}],"author":[{"embeddable":true,"href":"http:\/\/kestilankisaveikot.net\/wordpress\/wp-json\/wp\/v2\/users\/101011"}],"replies":[{"embeddable":true,"href":"http:\/\/kestilankisaveikot.net\/wordpress\/wp-json\/wp\/v2\/comments?post=150"}],"version-history":[{"count":14,"href":"http:\/\/kestilankisaveikot.net\/wordpress\/wp-json\/wp\/v2\/pages\/150\/revisions"}],"predecessor-version":[{"id":1322,"href":"http:\/\/kestilankisaveikot.net\/wordpress\/wp-json\/wp\/v2\/pages\/150\/revisions\/1322"}],"wp:attachment":[{"href":"http:\/\/kestilankisaveikot.net\/wordpress\/wp-json\/wp\/v2\/media?parent=150"}],"curies":[{"name":"wp","href":"https:\/\/api.w.org\/{rel}","templated":true}]}}